remainder when 1049 is divided by 93.
26
Calculate the remainder when 947173 is divided by 16617.
4
What is the remainder when 3345379 is divided by 13?
11
What is the remainder when 1582 is divided by 1452?
130
What is the remainder when 37841 is divided by 969?
50
What is the remainder when 1904 is divided by 76?
4
What is the remainder when 9655 is divided by 39?
22
What is the remainder when 83985 is divided by 27935?
180
What is the remainder when 10554 is divided by 5133?
288
What is the remainder when 11079 is divided by 66?
57
What is the remainder when 31243 is divided by 54?
31
What is the remainder when 37118 is divided by 1424?
94
Calculate the remainder when 4256 is divided by 950.
456
Calculate the remainder when 34904 is divided by 4362.
8
What is the remainder when 154479 is divided by 51467?
78
Calculate the remainder when 4541 is divided by 239.
0
What is the remainder when 1949 is divided by 21?
17
What is the remainder when 1275 is divided by 74?
17
Calculate the remainder when 8206 is divided by 2712.
70
What is the remainder when 232880 is divided by 229?
216
Calculate the remainder when 1060 is divided by 372.
316
Calculate the remainder when 13906 is divided by 161.
60
Calculate the remainder when 6190 is divided by 6157.
33
What is the remainder when 6637 is divided by 29?
25
Calculate the remainder when 637792 is divided by 54.
52
Calculate the remainder when 15742 is divided by 129.
4
Calculate the remainder when 1389 is divided by 135.
39
Calculate the remainder when 17987 is divided by 39.
8
Calculate the remainder when 726680 is divided by 14.
10
Calculate the remainder when 2072 is divided by 1932.
140
Calculate the remainder when 100726 is divided by 209.
197
Calculate the remainder when 33168 is divided by 26.
18
Calculate the remainder when 29698 is divided by 48.
34
Calculate the remainder when 2452 is divided by 164.
156
What is the remainder when 17514 is divided by 23?
11
Calculate the remainder when 27918 is divided by 31.
18
What is the remainder when 40556 is divided by 15?
11
Calculate the remainder when 22704 is divided by 7559.
27
Calculate the remainder when 78751 is divided by 126.
1
Calculate the remainder when 96641 is divided by 22.
17
What is the remainder when 11622 is divided by 2309?
77
Calculate the remainder when 5968 is divided by 181.
176
What is the remainder when 102549 is divided by 460?
429
Calculate the remainder when 62352 is divided by 1094.
1088
Calculate the remainder when 2572 is divided by 86.
78
What is the remainder when 65733 is divided by 38?
31
What is the remainder when 6665 is divided by 415?
25
What is the remainder when 96425 is divided by 6887?
7
What is the remainder when 56661 is divided by 87?
24
What is the remainder when 1429 is divided by 111?
97
Calculate the remainder when 135742 is divided by 202.
200
Calculate the remainder when 98820 is divided by 10978.
18
What is the remainder when 25524 is divided by 64?
52
Calculate the remainder when 1711773 is divided by 115.
113
Calculate the remainder when 660 is divided by 91.
23
What is the remainder when 303155 is divided by 65?
60
Calculate the remainder when 163357 is divided by 401.
150
Calculate the remainder when 21413 is divided by 2863.
1372
Calculate the remainder when 146673 is divided by 68.
65
What is the remainder when 8102 is divided by 84?
38
Calculate the remainder when 7836 is divided by 160.
156
Calculate the remainder when 3247 is divided by 96.
79
What is the remainder when 491832 is divided by 20?
12
Calculate the remainder when 27199 is divided by 161.
151
Calculate the remainder when 43471 is divided by 52.
51
Calculate the remainder when 3619 is divided by 81.
55
Calculate the remainder when 3005 is divided by 322.
107
What is the remainder when 2042658 is divided by 312?
306
What is the remainder when 48021 is divided by 1549?
2
Calculate the remainder when 810 is divided by 136.
130
What is the remainder when 112957 is divided by 37637?
46
Calculate the remainder when 2902437 is divided by 1219.
1217
What is the remainder when 326854 is divided by 36?
10
What is the remainder when 167495 is divided by 211?
172
Calculate the remainder when 145493 is divided by 123.
107
Calculate the remainder when 104277 is divided by 104174.
103
What is the remainder when 44762 is divided by 1178?
1176
What is the remainder when 13607 is divided by 6801?
5
What is the remainder when 3179 is divided by 1057?
8
Calculate the remainder when 24586 is divided by 12281.
24
Calculate the remainder when 2919221 is divided by 973066.
23
Calculate the remainder when 418988 is divided by 143.
141
Calculate the remainder when 780 is divided by 65.
0
What is the remainder when 34481 is divided by 15?
11
What is the remainder when 1522520 is divided by 21?
20
Calculate the remainder when 29754 is divided by 711.
603
What is the remainder when 453316 is divided by 56663?
12
What is the remainder when 1770 is divided by 1425?
345
Calculate the remainder when 2848 is divided by 256.
32
Calculate the remainder when 10712 is divided by 29.
11
Calculate the remainder when 37411 is divided by 2335.
51
What is the remainder when 9049 is divided by 50?
49
What is the remainder when 58584 is divided by 826?
764
Calculate the remainder when 12658 is divided by 1070.
888
What is the remainder when 2296 is divided by 830?
636
Calculate the remainder when 911174 is divided by 446.
442
Calculate the remainder when 2310 is divided by 251.
51
What is the remainder when 30051 is divided by 226?
219
What is the remainder when 125659 is divided by 91?
79
What is the remainder when 10878 is divided by 2705?
58
What is the remainder when 66501 is divided by 429?
6
What is the remainder when 1204374 is divided by 151?
149
What is the remainder when 12437 is divided by 664?
485
What is the remainder when 327 is divided by 173?
154
What is the remainder when 396406 is divided by 809?
805
Calculate the remainder when 2694 is divided by 892.
18
What is the remainder when 45957 is divided by 499?
49
What is the remainder when 73724 is divided by 21?
14
Calculate the remainder when 6797 is divided by 85.
82
What is the remainder when 51132 is divided by 178?
46
Calculate the remainder when 1158037 is divided by 362.
361
Calculate the remainder when 14694 is divided by 490.
484
What is the remainder when 270867 is divided by 38692?
23
Calculate the remainder when 8546 is divided by 1824.
1250
Calculate the remainder when 325048 is divided by 985.
983
Calculate the remainder when 2201 is divided by 511.
157
Calculate the remainder when 139133 is divided by 77.
71
What is the remainder when 3114 is divided by 74?
6
What is the remainder when 6223 is divided by 14?
7
Calculate the remainder when 4733 is divided by 32.
29
Calculate the remainder when 559 is divided by 217.
125
What is the remainder when 149307 is divided by 179?
21
What is the remainder when 39812 is divided by 162?
122
Calculate the remainder when 6333 is divided by 6255.
78
Calculate the remainder when 8766 is divided by 401.
345
Calculate the remainder when 58455 is divided by 8349.
12
Calculate the remainder when 413399 is divided by 156.
155
What is the remainder when 3851 is divided by 257?
253
Calculate the remainder when 63906 is divided by 22.
18
What is the remainder when 17727 is divided by 341?
336
Calculate the remainder when 66694 is divided by 13337.
9
Calculate the remainder when 50682 is divided by 24.
18
What is the remainder when 12996 is divided by 6086?
824
What is the remainder when 39436 is divided by 68?
64
What is the remainder when 73227 is divided by 1664?
11
What is the remainder when 1348943 is divided by 179?
178
Calculate the remainder when 144406 is divided by 200.
6
What is the remainder when 4586 is divided by 776?
706
Calculate the remainder when 3759 is divided by 540.
519
What is the remainder when 536 is divided by 10?
6
What is the remainder when 790 is divided by 124?
46
What is the remainder when 54481 is divided by 123?
115
Calculate the remainder when 2632 is divided by 846.
94
What is the remainder when 77085 is divided by 1306?
31
What is the remainder when 12151 is divided by 66?
7
What is the remainder when 22680 is divided by 31?
19